p(b) = 6*b**2 - 15*b + 36. What is p(9)?
387
Let v(w) = 181*w + 21358. What is v(-118)?
0
Let g(l) = -79*l + 407. What is g(5)?
12
Let j(z) = -3*z**3 - 3*z**2 + 22*z + 8. What is j(-4)?
64
Let d(b) = -b**2 - 45*b - 67. Determine d(-37).
229
Let j(p) = -1287*p - 18. Determine j(0).
-18
Let q(u) = 70*u**2 + 2*u - 4. Calculate q(2).
280
Let x(m) = -3*m**3 + 6*m**2 - 4*m - 188. Give x(0).
-188
Let p(o) = -9*o**2 - 12*o - 25. What is p(-4)?
-121
Let k(i) = i**2 + 211*i + 10869. Determine k(-122).
11
Let a(f) = -f**3 - 24*f**2 - 128*f - 20. Calculate a(-8).
-20
Let h(z) = -4*z**2 - 70*z + 736. Determine h(9).
-218
Let f(t) = -358*t + 18611. Give f(52).
-5
Let n(z) = -287*z + 11512. Calculate n(40).
32
Let b(r) = 47*r + 2697. Calculate b(-58).
-29
Let v(y) = 7*y**2 + 123*y - 356. Give v(-20).
-16
Let b(o) = -o**3 - 24*o**2 + 68*o + 391. Give b(-26).
-25
Let u(j) = j**3 - 25*j**2 + 155*j - 3854. What is u(25)?
21
Let q(s) = 279*s + 13383. What is q(-48)?
-9
Let t(z) = -z**3 - 10*z**2 + 11*z + 4. Determine t(-12).
160
Let r(w) = w**3 - 20*w**2 - 11*w - 146. Calculate r(21).
64
Let f(t) = t**3 - 31*t**2 - 61*t + 116. Give f(-3).
-7
Let s(x) = 9*x**2 + 30*x - 152. Give s(4).
112
Let q(l) = 6*l - 144. Calculate q(6).
-108
Let c(f) = 7*f**3 - 27*f**2 - 10*f + 17. Determine c(4).
-7
Let n(y) = y**3 - 175*y**2 + 1000*y + 76. Determine n(6).
-8
Let g(i) = 457*i + 30621. What is g(-67)?
2
Let a(i) = -60*i - 195. Calculate a(-4).
45
Let s(c) = 21*c**3 + 13*c**2 - c. Determine s(-2).
-114
Let o(q) = q**3 - 50*q**2 - 54*q + 110. Calculate o(51).
-43
Let n(s) = -s**3 + 12*s**2 + 68*s - 107. What is n(15)?
238
Let y(f) = -f**2 - 33*f + 532. Calculate y(-45).
-8
Let v(c) = -451*c - 1328. What is v(-3)?
25
Let s(f) = -2*f**2 - 194*f - 2852. What is s(-18)?
-8
Let t(x) = x**3 - 12*x**2 - 582*x + 164. Determine t(-19).
31
Let b(a) = -a**2 + 290*a - 1421. What is b(5)?
4
Let b(g) = -19*g - 2870. Calculate b(-151).
-1
Let a(x) = 45*x - 1187. Give a(30).
163
Let a(u) = -2*u**3 - 2*u**2 - 22*u + 18. Calculate a(0).
18
Let a(x) = 147*x - 1729. What is a(12)?
35
Let d(i) = i**2 - 60*i + 231. Determine d(4).
7
Let j(p) = p**2 - 17*p + 22. Give j(16).
6
Let g(x) = 66*x - 347. Determine g(6).
49
Let z(o) = 2*o**2 - 14*o - 13. What is z(8)?
3
Let y(j) = j**2 - j - 829. Give y(-28).
-17
Let z(y) = -354*y + 1777. Determine z(5).
7
Let n(r) = -5237*r + 20917. Give n(4).
-31
Let x(y) = -9*y**2 + 134*y - 13. Determine x(14).
99
Let d(v) = -20*v - 34. What is d(0)?
-34
Let q(h) = -8*h**2 + 64*h - 118. Give q(5).
2
Let a(p) = 2*p**2 + 46*p - 185. Give a(-26).
-29
Let c(b) = -14*b - 237. Calculate c(-21).
57
Let j(i) = 5*i**3 + 7*i**2 + 2*i - 10. Determine j(-2).
-26
Let u(p) = -3*p**3 - p**2 - 3*p + 3. Determine u(1).
-4
Let x(d) = d**2 - 101. Calculate x(8).
-37
Let k(z) = z**2 + 3*z - 3431. What is k(57)?
-11
Let w(u) = 9*u**2 - 259*u - 56. Calculate w(29).
2
Let w(x) = -x**2 - 4*x + 49. What is w(6)?
-11
Let j(i) = 56*i + 8. What is j(3)?
176
Let s(w) = 6*w**2 - 31*w + 54. Calculate s(2).
16
Let j(s) = 6*s**2 + 91*s - 35. Calculate j(-17).
152
Let t(o) = 77*o - 2620. Determine t(34).
-2
Let q(i) = -171*i - 2225. Give q(-13).
-2
Let a(h) = h**3 + 14*h**2 + 6*h - 3. Give a(-6).
249
Let v(i) = -191*i**2 - 1154*i - 57. What is v(-6)?
-9
Let s(j) = 58*j - 285. Calculate s(5).
5
Let h(p) = -p**3 + 23*p**2 + 310*p - 6855. Give h(24).
9
Let g(z) = -34*z - 678. What is g(-21)?
36
Let z(m) = m**3 + 8*m**2 + 13*m + 17. Calculate z(5).
407
Let l(p) = 5*p**3 - 36*p**2 + 6*p + 19. What is l(8)?
323
Let h(x) = -38*x**3 - 9*x - 15. Give h(-2).
307
Let t(f) = -2*f**2 - 197*f + 788. Calculate t(4).
-32
Let g(i) = 2*i**3 + i**2 + 17*i + 31. Calculate g(-5).
-279
Let g(d) = -51*d**2 - 641*d - 43. What is g(-13)?
-329
Let t(u) = u**3 + 16*u**2 - 11*u - 175. What is t(-16)?
1
Let h(s) = -s**3 - 33*s**2 - 68*s + 56. Determine h(-31).
242
Let t(m) = -m**3 + 35*m**2 + 41*m - 172. Give t(36).
8
Let a(c) = -c**2 - 22*c + 187. What is a(7)?
-16
Let k(f) = -f**2 - 74*f - 1262. Give k(-28).
26
Let b(i) = 2*i**2 + 130*i - 77. Calculate b(-65).
-77
Let z(r) = r**2 - 20*r - 401. Give z(32).
-17
Let j(h) = h**2 + 25*h + 15. Calculate j(-22).
-51
Let a(i) = 7*i**2 + 117*i + 233. Determine a(-2).
27
Let p(i) = 13*i - 26. What is p(2)?
0
Let j(n) = 86*n + 92. Calculate j(-1).
6
Let l(v) = 4*v**3 + v**2 - 41*v - 42. Determine l(-1).
-4
Let b(r) = r**2 - 588*r + 6911. Determine b(12).
-1
Let s(a) = 708*a - 84955. Give s(120).
5
Let u(x) = -x**3 - 117*x**2 - 239*x - 1043. What is u(-115)?
-8
Let g(m) = m**3 + 2*m**2 + 16*m - 93. Calculate g(3).
0
Let s(g) = 705*g - 7786. What is s(11)?
-31
Let w(q) = -q**3 - 7*q**2 - 12*q - 85. What is w(-7)?
-1
Let a(z) = -4*z**2 + 29*z - 74. Give a(3).
-23
Let y(b) = -13*b**2 - 8*b + 5. Calculate y(-3).
-88
Let y(n) = -29*n - 307. Calculate y(-11).
12
Let l(v) = -5*v + 50. Calculate l(11).
-5
Let l(g) = 3*g**2 - 101*g - 4394. Determine l(-25).
6
Let i(a) = a**2 - 4*a - 8092. Give i(92).
4
Let j(n) = n**3 + 56*n**2 - 465*n - 1498. Determine j(-63).
14
Let k(i) = 5*i**3 + 8*i**2 + 3*i + 10. Determine k(-3).
-62
Let c(r) = -2*r**3 + 4*r**2 + 4*r - 6. Determine c(1).
0
Let f(b) = -b**2 - 3*b - 17. Calculate f(-11).
-105
Let r(i) = 6*i**2 + 50*i + 69. Calculate r(-6).
-15
Let s(f) = -4*f**2 + 237*f + 105. Determine s(60).
-75
Let c(y) = -y**3 - 37*y**2 + 84*y + 19. Determine c(-39).
-215
Let h(x) = -13*x - 35. Calculate h(0).
-35
Let c(l) = -l**3 - 70*l**2 - 74*l - 417. What is c(-69)?
-72
Let u(b) = 2*b**3 + 57*b**2 - 10769*b + 11. Give u(-89).
11
Let v(d) = 101*d - 1902. Calculate v(19).
17
Let s(a) = -3*a**3 - 40*a**2 - 96*a + 11. What is s(-3)?
20
Let q(c) = 7*c**3 - 10*c**2 - 2*c + 16. Determine q(4).
296
Let g(q) = q**3 + 13*q**2 - 24*q. What is g(-15)?
-90
Let n(l) = -4*l**2 + 96*l + 316. Calculate n(27).
-8
Let f(q) = -710*q**2 - 2847*q - 14. Determine f(-4).
14
Let p(x) = -10*x - 42. Give p(3).
-72
Let u(p) = -p**2 + 29*p + 50. What is u(-2)?
-12
Let o(y) = 8*y**3 + 6*y - 5. Give o(1).
9
Let f(t) = 3*t**2 + 40*t - 174. Give f(11).
629
Let h(b) = 5*b**2 - 136*b - 768. Give h(32).
0
Let u(k) = 2*k**3 - 9*k**2 - 30*k + 220. What is u(6)?
148
Let c(k) = -5*k**2 - 376*k - 85. Give c(-75).
-10
Let u(v) = 11*v**3 - 7*v**2 + 5*v - 3. Calculate u(2).
67
Let t(z) = 10*z - 75. Give t(16).
85
Let y(n) = -n**3 - 22*n**2 + n + 9. Calculate y(-22).
-13
Let o(p) = 27*p - 255. Calculate o(10).
15
Let r(b) = 60*b**3 - 545*b**2 + 44*b + 12. Calculate r(9).
3
Let i(f) = 10*f**2 - 15*f - 5. Give i(-4).
215
Let p(d) = 115*d + 84. What is p(-4)?
-376
Let f(u) = -9*u**2 - 889*u - 689. Determine f(-98).
-3
Let a(v) = v**3 - 8*v**2 + 2*v - 51. Give a(8).
-35
Let r(t) = 11*t**2 + 692*t + 619. Give r(-62).
-1
Let a(o) = o**2 + 5*o + 18. Give a(13).
252
Let c(f) = -f**3 - 10*f**2 - 27*f - 21. Determine c(-8).
67
Let j(p) = 18*p**2 + 239*p - 458. What is j(-15)?
7
Let j(w) = -39*w - 2006. Calculate j(-52).
22
Let k(v) = -v**2 + 2*v + 273. What is k(-18)?
-87
Let p(j) = j**2 - 81*j + 930. Determine p(44).
-698
Let d(g) = -1008*g + 992. What is d(1)?
-16
Let d(n) = -19*n**2 - 46*n - 42. Determine d(-1).
-15
Let a(n) = 7*n**2 - 14*n + 3. Give a(6).
171
Let r(z) = 4077*z - 12240. Calculate r(3).
-9
Let q(a) = 11*a + 252. Calculate q(-39).
-177
Let c(p) = -20*p**2 - 663*p - 13. What is c(-33)?
86
Let r(h) = -141*h**2 - 81*h + 156. Calculate r(2).
-570
Let w(c) = 46*c - 579. Calculate w(14).
65
Let b(i) = i**3 - 10*i**2 + 19*i - 58. Calculate b(6).
-88
Let o(q) = 71*q + 2428. Give o(-35).
-57
Let y(p) = -p**3 - 8*p**2 + 99*p + 184. Calculate y(-14).
-26
Let y(m) = -m**3 - 9*m**2 + 52*m - 9. Determine y(4).
-9
Let l(p) = 13*p + 11. What is l(4)?
63
Let r(u) = -204*u**3 - 4*u**2 + 6*u - 1. Determine r(1).
-203
Let r(j) = 128*j**2 + 9*j - 9. What is r(1)?
128
Let k(w) = -w - 77. Determine k(-15).
-62
Let g(f) = f**2 - 60*f + 318. Give g(6).
-6
Let d(w) = 2*w**3 - 26*w**2 + 54*w - 357. Determine d(12).
3
Let t(l) = l**3 + 2*l**2 - 7*l + 17. Give t(-7).
-179
Let o(q) = -17*q**2 + 70*q - 1. Calculate o(5).
-76
Let h(p) = p**2 + 14*p - 16. Determine h(1).
-1
Let n(u) = -54*u + 70. Give n(1).
16
Let v(n) = -13*n - 90. What is v(-8)?
14
Let k(x) = -52*x + 1208. Determine k(24).
-40
Let u(v) = 55*v - 36. Give u(2).
74
Let 